182265961 prime?
False
Is 249622327 a prime number?
True
Is 2129723 a composite number?
True
Is 1148621 composite?
False
Is 1812263 composite?
False
Is 321230933 a composite number?
True
Is 144941 composite?
False
Is 1489823 prime?
False
Is 412241 prime?
False
Is 34148893 a composite number?
False
Is 1322573 prime?
False
Is 1943131 composite?
False
Is 5412217 a prime number?
True
Is 8519341 a prime number?
False
Is 2660419 a composite number?
True
Is 56858791 a prime number?
False
Is 143362759 a prime number?
False
Is 1139669 a composite number?
False
Is 351559 a composite number?
True
Is 2027578039 composite?
False
Is 3317807 composite?
False
Is 21682433 prime?
True
Is 859600739 composite?
False
Is 553519 prime?
False
Is 80364983 a composite number?
False
Is 43450699 composite?
False
Is 360211 a prime number?
False
Is 327284777 a composite number?
False
Is 358387 prime?
False
Is 9988783 composite?
True
Is 5859303 a prime number?
False
Is 204039218 a prime number?
False
Is 29629 prime?
True
Is 891678131 a composite number?
False
Is 94250987 a composite number?
True
Is 1709794 prime?
False
Is 327858199 prime?
True
Is 90776071 composite?
True
Is 3234485 prime?
False
Is 619585921 a prime number?
True
Is 3488909 a prime number?
False
Is 839834431 composite?
False
Is 4196339 a prime number?
False
Is 41233367 a composite number?
True
Is 59418169 prime?
True
Is 177175717 prime?
False
Is 644565583 prime?
False
Is 72613 a composite number?
False
Is 13863523 a composite number?
False
Is 2606689 a composite number?
True
Is 22111321 composite?
False
Is 52638499 composite?
True
Is 180874399 a prime number?
False
Is 17342369 a composite number?
True
Is 591917141 a composite number?
True
Is 372537365 prime?
False
Is 73398019 composite?
True
Is 118368911 a composite number?
False
Is 3317993 composite?
True
Is 27696523 prime?
False
Is 1807061 a prime number?
True
Is 7336621 a composite number?
True
Is 2211329 composite?
False
Is 216379171 prime?
False
Is 5766599 a composite number?
False
Is 61408363 a prime number?
True
Is 21238033 a composite number?
False
Is 91047457 prime?
False
Is 45033509 a composite number?
False
Is 13227713 a composite number?
False
Is 57820907 a prime number?
False
Is 11529563 a prime number?
True
Is 857298759 a composite number?
True
Is 1892651 a composite number?
False
Is 519578989 a prime number?
True
Is 181183 a prime number?
True
Is 2824697 a prime number?
True
Is 199554923 composite?
True
Is 4988831 a prime number?
True
Is 130084462 a prime number?
False
Is 3612529 composite?
False
Is 49482509 prime?
True
Is 1394301 a prime number?
False
Is 1236877 a prime number?
False
Is 6349663 a prime number?
True
Is 73248061 a prime number?
True
Is 106885297 composite?
False
Is 165489349 prime?
True
Is 42974717 composite?
True
Is 26857 a prime number?
False
Is 106791673 composite?
False
Is 3201621 a prime number?
False
Is 7106689 a prime number?
False
Is 706463 a prime number?
True
Is 31308481 composite?
True
Is 83437453 composite?
True
Is 882523 prime?
False
Is 1197985 a composite number?
True
Is 523147 a prime number?
False
Is 61401313 a prime number?
False
Is 122777 composite?
False
Is 52640879 a composite number?
True
Is 14695081 a composite number?
True
Is 2020397 prime?
False
Is 17151941 composite?
False
Is 1123501 a composite number?
False
Is 135528677 a prime number?
False
Is 8058335 composite?
True
Is 4750077 a composite number?
True
Is 63357429 composite?
True
Is 10189819 prime?
True
Is 18986029 a composite number?
False
Is 4647637 a composite number?
True
Is 30153569 a composite number?
False
Is 19458539 prime?
True
Is 32063 a prime number?
True
Is 1793081 a composite number?
False
Is 234314683 a composite number?
True
Is 13549205 composite?
True
Is 425311 composite?
True
Is 7452145 a prime number?
False
Is 161397851 composite?
True
Is 31663909 a prime number?
True
Is 646099 composite?
False
Is 495261071 a prime number?
True
Is 248908277 a composite number?
True
Is 1515713 a composite number?
False
Is 94572089 composite?
False
Is 28094527 a composite number?
True
Is 637667 prime?
False
Is 5368123 composite?
False
Is 109233479 a prime number?
True
Is 4425563 a composite number?
True
Is 235321519 a composite number?
True
Is 89006041 a prime number?
False
Is 1398247 a composite number?
False
Is 35707523 prime?
False
Is 585254693 a composite number?
False
Is 4579017 a composite number?
True
Is 20750843 a prime number?
True
Is 929697 a composite number?
True
Is 5298167 a prime number?
False
Is 10655167 composite?
True
Is 3036367 a composite number?
False
Is 60209 prime?
True
Is 112253213 a prime number?
True
Is 45323 prime?
False
Is 1370807 a prime number?
False
Is 289655147 a prime number?
True
Is 2561201 a prime number?
True
Is 130104563 a prime number?
True
Is 9941167 composite?
False
Is 7683365 prime?
False
Is 22423 a prime number?
False
Is 56186437 composite?
False
Is 48835 a composite number?
True
Is 11951603 composite?
False
Is 81746383 a prime number?
False
Is 110584651 prime?
True
Is 8310959 prime?
True
Is 10553997 composite?
True
Is 2696779 composite?
False
Is 9671021 a prime number?
True
Is 4220999 a prime number?
False
Is 574493947 prime?
False
Is 111078911 a composite number?
False
Is 27412813 a composite number?
False
Is 3346279 composite?
False
Is 3463157 prime?
True
Is 4859227 a composite number?
False
Is 6214121 a composite number?
True
Is 16248647 a composite number?
False
Is 621277171 a composite number?
False
Is 145450193 composite?
True
Is 167277479 prime?
True
Is 6519647 composite?
False
Is 718383 a composite number?
True
Is 55689791 a prime number?
True
Is 47540469 prime?
False
Is 195931621 prime?
True
Is 45197209 composite?
True
Is 9656653 prime?
False
Is 1207179947 prime?
True
Is 2783567 a composite number?
True
Is 211903057 composite?
True
Is 3745334 a prime number?
False
Is 396532613 a composite number?
False
Is 51377737 composite?
False
Is 58188919 composite?
True
Is 9509737 prime?
False
Is 3567497 a composite number?
True
Is 31127 prime?
False
Is 171506653 a prime number?
False
Is 3674501 prime?
False
Is 38203611 a prime number?
False
Is 19752617 a composite number?
True
Is 1355579 a prime number?
True
Is 44088266 a prime number?
False
Is 15740587 composite?
False
Is 182718694 composite?
True
Is 9650341 a prime number?
True
Is 98906959 a composite number?
False
Is 141906841 composite?
False
Is 131435743 a prime number?
False
Is 87255761 a composite number?
False
Is 125808983 a composite number?
False
Is 14360397 a prime number?
False
Is 117187 prime?
False
Is 15323537 a prime number?
False
Is 72199327 a prime number?
False
Is 279751 prime?
True
Is 7786019 a composite number?
False
Is 12555443 composite?
False
Is 418700921 composite?
True
Is 572089 a composite number?
True
Is 10807379 prime?
False
Is 18394521 composite?
True
Is 4420513 a composite number?
False
Is 43341323 a composite number?
True
Is 913303 composite?
True
Is 80993251 a prime number?
True
Is 1129063 a prime number?
False
Is 582143 composite?
True
Is 138401371 prime?
True
Is 14513353 prime?
True
Is 24415547 composite?
True
Is 3367609 a composite number?
True
Is 35878733 composite?
True
Is 6653 prime?
True
Is 89442229 a prime number?
True
Is 7929563 a prime number?
True
Is 16505729 a composite number?
True
Is 121306921 composite?
True
Is 23879399 composite?
True
Is 6216823 prime?
True
Is 312414323 prime?
False
Is 200502989 a prime number?
True
Is 5224883 a composite number?
False
Is 11182169 a prime number?
True
Is 19019249 a prime number?
True
Is 5077403 composite?
True
Is 32994119 composite?
False
Is 40265039 a prime number?
True
Is 734819 prime?
True
Is 3780653 composite?
False
Is 18042547 prime?
True
Is 43260179 a composite number?
True
Is 1064527 a prime number?
False
Is 628013 composite?
False
Is 2967109 a prime number?
True
Is 4107153 prime?
False
Is 28585517 a composite number?
True
Is 3779509 composite?
False
Is 15914557 composite?
False
Is 13996639 composite?
False
Is 2283481 composite?
True
Is 1965119 composite?
True
Is 9565031 prime?
False
Is 216869 a prime number?
False
Is 13752985 prime?
False
Is 14994633 composite?
True
Is 77289001 prime?
True
Is 245171 composite?
False
Is 11699221 a composite number?
False
Is 3820651 compo